1
Suppose -3*j = -174 + 42. Let f = j - 26. Calculate the highest common divisor of 18 and f.
18
Let v(o) = -14*o - 42. Suppose -9*a - 16 = 47. Let l be v(a). What is the highest common divisor of 8 and l?
8
Suppose 32 = f + 10. Let s(d) = -d**2 - 7*d - 4. Let u be s(-6). Calculate the highest common factor of u and f.
2
Suppose 6*j - 4*g + 5 = j, 4 = -2*j + 2*g. Calculate the greatest common divisor of j and 33.
3
Let p be 1/3*405/5. Let v = -15 + 18. Suppose x = -v*x + 72. Calculate the highest common divisor of x and p.
9
Suppose -o = 2*c - 165, -3*c + 114 = -3*o + 609. What is the highest common divisor of 45 and o?
15
Let b(z) = z**3 - 9*z**2 + 13*z - 5. Suppose q - 2*q = -3. Suppose q*o = 2*o + 9. Let l be b(o). Calculate the greatest common divisor of 14 and l.
14
Let q(z) = z**2 + 2*z + 3. Let f be q(-4). Suppose -2 = -3*d - f. Let n(t) = 15*t**2 + 1. Let g be n(d). Calculate the highest common divisor of g and 17.
17
Let g = 14 + -17. Let q be (g/2)/((-12)/112). Calculate the greatest common divisor of q and 14.
14
Let f(b) = 275*b - 398. Let d be f(4). Calculate the greatest common factor of 108 and d.
54
Let r(u) = u - 4 - u**2 + u - u**3 - 2*u**2. Let s be r(-4). Calculate the greatest common divisor of 16 and s.
4
Suppose -9 = -n - 3*w, -33 = -2*n - n - 3*w. Let c be (4 - -1)*n/(-30). Let r be c/((-4)/(-14))*-6. Calculate the greatest common factor of r and 21.
21
Let h(z) = 6*z + 2. Let k be h(-4). Let t = 50 + k. Let r(b) = b**3 - 4*b**2 - 3*b - 6. Let p be r(5). What is the highest common divisor of p and t?
4
Suppose -76*r + 2746 = -3334. What is the highest common divisor of r and 70?
10
Let k be 60*5/((-50)/(-84)). Suppose -k = -2*x - 2*x. Let j = 163 - 149. Calculate the highest common divisor of j and x.
14
Let a(x) = x + 0*x + 8 + 16 - 7. Let y be a(-14). Suppose -30 = -y*k - 2*k. What is the greatest common divisor of 15 and k?
3
Let d = 12 + -10. Suppose d*w + w - 138 = 0. Let x = w - 32. Calculate the highest common factor of 21 and x.
7
Let v(h) = -h**3 + 15*h**2 - 41*h - 4. Let s be v(11). Suppose -2*k + 236 = 2*z, 4*z + k + 0*k = 466. Calculate the greatest common divisor of z and s.
29
Let t be (-103)/(-5) + 51/(-85). Calculate the highest common divisor of t and 5.
5
Let k be (-2850)/5*(-4)/10. What is the highest common factor of k and 19?
19
Let u = 362 - 341. Calculate the greatest common divisor of u and 273.
21
Suppose 3*u + 2*t + 14 = 0, -5*u - 15 = -t - 4*t. Suppose 3*r + 8 = -7. Let s be (3 + r)/(u/26). What is the greatest common divisor of 52 and s?
13
Let j be (3*-2)/((-78)/104). Calculate the highest common factor of 2 and j.
2
Suppose -2*k = -3*d + 83, -2*d - 2*k - 108 = -6*d. What is the greatest common divisor of d and 725?
25
Suppose -2009 = 3*p - 2090. What is the highest common factor of p and 3?
3
Suppose 43 = 5*a + 13. Suppose a*o = 3*o + 138. Let x = o + -32. Calculate the highest common divisor of 126 and x.
14
Let l(g) be the second derivative of g**4/12 - g**3/6 + 8*g**2 + 42*g. Let n be l(0). Calculate the greatest common divisor of n and 256.
16
Let q(f) = -3*f**2 - 10 - f**2 + 0*f - 2*f + f**3. Let w be q(5). Suppose -88 = -w*n + 4*n. What is the highest common divisor of n and 8?
8
Let i be (-10)/6 - 51/(-9). Suppose 0 = 2*j + j - 5*w - 31, -53 = -i*j - 5*w. What is the highest common divisor of 132 and j?
12
Suppose -26 + 8 = 2*h. Let j = -17 - h. Let x = j + 9. What is the greatest common factor of 2 and x?
1
Let k(a) = 6*a - 30. Let l be k(7). Suppose -63 = -s + 4*s. Let p = -3 - s. Calculate the greatest common factor of p and l.
6
Let w = 264 - -16. Suppose -w = -14*t + 7*t. Calculate the highest common divisor of 50 and t.
10
Let m = 224 + -11. Calculate the highest common factor of 142 and m.
71
Let f be (3 + -1)/((-2)/(-6)). Let x = 35 - 25. Suppose 0 = c - 4, -3*t + c + c + x = 0. What is the highest common divisor of t and f?
6
Suppose 7*a - 1022 = 3675. Calculate the highest common divisor of 61 and a.
61
Suppose 7 = -20*i + 21*i. Calculate the highest common factor of i and 189.
7
Let u(p) = -23 + 6*p + 15 + 28. Let c be u(6). What is the highest common divisor of 14 and c?
14
Suppose -6*g + 41 - 11 = 0. What is the greatest common divisor of 45 and g?
5
Suppose 6*y = 9*y + 45. Let j be -1 + (-24)/y + (-54)/(-10). What is the highest common factor of j and 54?
6
Suppose 3*d + i - 70 = -13, -d = 4*i - 19. What is the greatest common divisor of d and 38?
19
Let f = -4 + 6. Suppose -5*p = -4*m + 62, -f*m - 3*m + 5*p = -80. Let a = 28 + 8. What is the greatest common divisor of m and a?
18
Suppose -3*m = 2*s - 131, -5*m - 1 + 211 = 5*s. Let q = m + -26. What is the highest common divisor of 3 and q?
3
Suppose 25*j = 34*j - 828. Calculate the highest common divisor of j and 12.
4
Let r = -260 - -440. What is the greatest common factor of r and 585?
45
Let z(m) = -9*m + 10. Let n be z(7). Let w = -37 - n. Let b = -1130 - -1134. Calculate the greatest common divisor of w and b.
4
Let n = 278 + -190. What is the greatest common divisor of n and 24?
8
Suppose 4*v = -3*j + 643 - 97, 4*j - 548 = -4*v. Calculate the greatest common divisor of 25 and v.
5
Let m be 6*((-3)/9 + 1). Let h = m - -1. Let y = 111 - 101. Calculate the greatest common divisor of h and y.
5
Let r(i) = -i**3 - 4*i**2 - 2*i + 3. Let j be r(-3). Let u be 12 - ((-1 - -1) + j). Let l = u - 6. Calculate the greatest common factor of l and 36.
6
Let d = 563 + -523. Calculate the highest common divisor of d and 140.
20
Let l(f) = -f + 1. Let g be l(-2). Suppose g = s - 10. What is the highest common divisor of s and 104?
13
Let z(m) = -m**3 - 13*m**2 - 11*m + 11. Let f be z(-12). Let h = f + -8. Let q be (-96)/h*(-9)/(-4). What is the highest common factor of 192 and q?
24
Let k be (-268)/(-22) - (-6)/(-33). What is the highest common factor of 4 and k?
4
Let n(q) = -43*q. Let p be n(1). Let a = -33 - p. Suppose -5*o + 24 - 4 = 0. What is the highest common factor of o and a?
2
Let z = -46 - -78. Let i = 35 + z. Let m = 111 - i. Calculate the highest common divisor of m and 66.
22
Let p be 2/(-7) - 3276/(-147). What is the greatest common divisor of p and 121?
11
Let a = -27 + 90. Suppose -3*q - 3 = -4*q. Suppose -4*n - 5*z + 36 = 0, 2*n - 3*n = -q*z - 9. What is the highest common divisor of n and a?
9
Suppose -3*u = a - 408, -a = u - 43 - 93. Suppose 4*q = -n + 72, -4*q = -n - 54 - 10. Calculate the highest common factor of u and q.
17
Let p be -1 + (-3 - (-9 - -4)). Let b be 30 - -14 - 4*p. Suppose -10 = 5*j - b. Calculate the highest common factor of 4 and j.
2
Let i = -48 - -94. Let x be 300/(-27 - -7) - -429. Calculate the greatest common divisor of x and i.
46
Let l be ((-5)/(-2))/(-1)*(-1 - 1). Let d(z) = z**3 + 6*z**2 - 8*z - 9. Let t be d(-4). What is the greatest common divisor of t and l?
5
Let x be ((-5)/2 + 2)*20. Let c(l) = -17*l + 6. Let y be c(x). What is the greatest common divisor of y and 16?
16
Suppose 44*n + 112 = 48*n. Calculate the highest common divisor of 896 and n.
28
Let y be (-4 - -5 - -2) + -79. Let d = -68 - y. Calculate the greatest common divisor of 40 and d.
8
Suppose -4*p = -4, t - 4*p = p. What is the highest common divisor of 95 and t?
5
Suppose -2*r + 2*g - 52 + 86 = 0, -3*r = 2*g - 61. Calculate the highest common divisor of r and 3382.
19
Suppose 39*l - 40*l = -40. Suppose l + 68 = 4*b. What is the greatest common divisor of b and 3?
3
Let o = 426 - 264. Calculate the greatest common divisor of 3 and o.
3
Let n(s) = s**2 + 5*s - 11. Let p be n(-7). Suppose l + 4*f + 0*f = 30, p*l + 2*f - 140 = 0. Calculate the greatest common factor of 20 and l.
10
Let p(j) = 37*j**2 - 5*j + 24. Let l(g) = -9*g**2 + g - 6. Let u(x) = -9*l(x) - 2*p(x). Let r be u(-2). What is the highest common divisor of 48 and r?
16
Suppose 0 = -m - 2 + 24. What is the greatest common factor of m and 341?
11
Let f = 99 + -65. Let o be (88 - 0)/(17/f). Let b = -13 + 35. What is the highest common divisor of b and o?
22
Let n(x) = -x**2 + 61*x + 91. Let o be n(62). Calculate the highest common divisor of o and 4.
1
Suppose 4*q - 16 = 0, 7*b - 3*b + 272 = 4*q. Let p = 96 + b. Calculate the highest common factor of p and 80.
16
Let g = -30 - -15. Let w = -6 - g. Let p be w - -3*5/(-5). What is the greatest common